{"id":106,"date":"2017-02-09T21:10:06","date_gmt":"2017-02-09T21:10:06","guid":{"rendered":"http:\/\/sindiodontoserra.com.br\/site\/?page_id=106"},"modified":"2020-08-14T14:31:27","modified_gmt":"2020-08-14T14:31:27","slug":"sites-de-interesse","status":"publish","type":"page","link":"https:\/\/sindiodontoserra.com.br\/site\/sites-de-interesse\/","title":{"rendered":"SITES"},"content":{"rendered":"\t\t<div data-elementor-type=\"wp-page\" data-elementor-id=\"106\" class=\"elementor elementor-106\">\n\t\t\t\t\t\t<section class=\"elementor-section elementor-top-section elementor-element elementor-element-bfbe40e elementor-section-stretched elementor-section-full_width elementor-section-height-default elementor-section-height-default\" data-id=\"bfbe40e\" data-element_type=\"section\" data-e-type=\"section\" data-settings=\"{&quot;stretch_section&quot;:&quot;section-stretched&quot;}\">\n\t\t\t\t\t\t<div class=\"elementor-container elementor-column-gap-no\">\n\t\t\t\t\t<div class=\"elementor-column elementor-col-100 elementor-top-column elementor-element elementor-element-0a7de3a\" data-id=\"0a7de3a\" data-element_type=\"column\" data-e-type=\"column\">\n\t\t\t<div class=\"elementor-widget-wrap elementor-element-populated\">\n\t\t\t\t\t\t<div class=\"elementor-element elementor-element-c8369af elementor-widget elementor-widget-shortcode\" data-id=\"c8369af\" data-element_type=\"widget\" data-e-type=\"widget\" data-widget_type=\"shortcode.default\">\n\t\t\t\t<div class=\"elementor-widget-container\">\n\t\t\t\t\t\t\t<div class=\"elementor-shortcode\"><\/div>\n\t\t\t\t\t\t<\/div>\n\t\t\t\t<\/div>\n\t\t\t\t\t<\/div>\n\t\t<\/div>\n\t\t\t\t\t<\/div>\n\t\t<\/section>\n\t\t\t\t<section class=\"elementor-section elementor-top-section elementor-element elementor-element-138023c9 elementor-section-boxed elementor-section-height-default elementor-section-height-default\" data-id=\"138023c9\" data-element_type=\"section\" data-e-type=\"section\">\n\t\t\t\t\t\t<div class=\"elementor-container elementor-column-gap-default\">\n\t\t\t\t\t<div class=\"elementor-column elementor-col-100 elementor-top-column elementor-element elementor-element-795fce1\" data-id=\"795fce1\" data-element_type=\"column\" data-e-type=\"column\">\n\t\t\t<div class=\"elementor-widget-wrap elementor-element-populated\">\n\t\t\t\t\t\t<div class=\"elementor-element elementor-element-26da0796 elementor-widget elementor-widget-text-editor\" data-id=\"26da0796\" data-element_type=\"widget\" data-e-type=\"widget\" data-widget_type=\"text-editor.default\">\n\t\t\t\t<div class=\"elementor-widget-container\">\n\t\t\t\t\t\t\t\t\t<div id=\"pl-106\" class=\"panel-layout\"><div id=\"pg-106-0\" class=\"panel-grid panel-no-style\"><div id=\"pgc-106-0-0\" class=\"panel-grid-cell panel-grid-cell-mobile-last\" data-weight=\"0.5\"><div id=\"panel-106-0-0-0\" class=\"so-panel widget widget_black-studio-tinymce widget_black_studio_tinymce panel-first-child panel-last-child\" data-index=\"0\" data-style=\"{\"><div class=\"textwidget\"><p>\u00a0<\/p><h2 class=\"titulo\">Sites de Interesse<\/h2><div class=\"texto_secao\">\u00a0<\/div><ul class=\"lista\"><li><a href=\"http:\/\/www.crors.org.br\/\" target=\"_blank\" rel=\"noopener noreferrer\">Conselho Regional de Odontologia do RS<\/a><\/li><li><a href=\"http:\/\/cfo.org.br\/\" target=\"_blank\" rel=\"noopener noreferrer\">Conselho Federal de Odontologia<\/a><\/li><li><a href=\"http:\/\/www.fno.org.br\" target=\"_blank\" rel=\"noopener noreferrer\">Federa\u00e7\u00e3o Nacional dos Odontologistas<\/a><\/li><li><a href=\"http:\/\/www.fio.org.br\/\" target=\"_blank\" rel=\"noopener noreferrer\">Federa\u00e7\u00e3o Interestadual dos Odontologistas<\/a><\/li><li><a href=\"http:\/\/www.cnpl.org.br\/\" target=\"_blank\" rel=\"noopener noreferrer\">Confedera\u00e7\u00e3o Nacional das Profiss\u00f5es Liberais<\/a><\/li><li><a href=\"http:\/\/www.receita.fazenda.gov.br\/\" target=\"_blank\" rel=\"noopener noreferrer\">Secretaria da Receita federal<\/a><\/li><li><a href=\"http:\/\/www.fazenda.gov.br\/\" target=\"_blank\" rel=\"noopener noreferrer\">Minist\u00e9rio da Fazenda<\/a><\/li><li><a href=\"http:\/\/www.anvisa.gov.br\/\" target=\"_blank\" rel=\"noopener noreferrer\">ANVISA<\/a><\/li><li><a href=\"http:\/\/conselho.saude.gov.br\/\" target=\"_blank\" rel=\"noopener noreferrer\">Conselho Nacional de Sa\u00fade<\/a><\/li><li><a href=\"http:\/\/www.funasa.gov.br\/\" target=\"_blank\" rel=\"noopener noreferrer\">Funda\u00e7\u00e3o Nacional de Sa\u00fade<\/a><\/li><li><a href=\"http:\/\/www.ans.gov.br\/\" target=\"_blank\" rel=\"noopener noreferrer\">ANS<\/a><\/li><li><a href=\"http:\/\/portalsaude.saude.gov.br\/\" target=\"_blank\" rel=\"noopener noreferrer\">Minist\u00e9rio da Sa\u00fade<\/a><\/li><li><a href=\"http:\/\/www.previdencia.gov.br\/\" target=\"_blank\" rel=\"noopener noreferrer\">Minist\u00e9rio da Previdencia Social<\/a><\/li><li><a href=\"http:\/\/www.uniodonto-rs.com.br\/\" target=\"_blank\" rel=\"noopener noreferrer\">UNIODONTO- RS (Federa\u00e7\u00e3o)<\/a><\/li><li><a href=\"http:\/\/acbo.org.br\/\" target=\"_blank\" rel=\"noopener noreferrer\">ACADEMIA BRASILEIRA DE ODONTOLOGIA<\/a><\/li><li><a href=\"http:\/\/www.soergs.org.br\/index.php?cd=69&amp;descricao=uniodonto-_porto_alegre&amp;tag=\">UNIODONTO- Porto Alegre<\/a><\/li><li><a href=\"http:\/\/www.soergs.org.br\/index.php?cd=67&amp;descricao=ceco_comite_das_entidades_de_classe_odontologicas&amp;tag=\">CECO Comit\u00ea das Entidades de Classe Odontol\u00f3gicas<\/a><\/li><li><a href=\"http:\/\/www.abraoh.com.br\/\" target=\"_blank\" rel=\"noopener noreferrer\">Associa\u00e7\u00e3o Brasileira de Odontologia Hospitalar<\/a><\/li><li><a href=\"http:\/\/www.sobracid.com.br\/\" target=\"_blank\" rel=\"noopener noreferrer\">SOBRACID<\/a><\/li><li><a href=\"http:\/\/www.sobracom.com.br\/\" target=\"_blank\" rel=\"noopener noreferrer\">SOBRACOM<\/a><\/li><li><a href=\"http:\/\/www.sogaor.org.br\" target=\"_blank\" rel=\"noopener noreferrer\">SOGAOR<\/a><\/li><\/ul><\/div><\/div><\/div><div id=\"pgc-106-0-1\" class=\"panel-grid-cell panel-grid-cell-empty\" data-weight=\"0.5\">\u00a0<\/div><\/div><\/div>\t\t\t\t\t\t\t\t<\/div>\n\t\t\t\t<\/div>\n\t\t\t\t\t<\/div>\n\t\t<\/div>\n\t\t\t\t\t<\/div>\n\t\t<\/section>\n\t\t\t\t<section class=\"elementor-section elementor-top-section elementor-element elementor-element-61ade76 elementor-section-boxed elementor-section-height-default elementor-section-height-default\" data-id=\"61ade76\" data-element_type=\"section\" data-e-type=\"section\">\n\t\t\t\t\t\t<div class=\"elementor-container elementor-column-gap-default\">\n\t\t\t\t\t<div class=\"elementor-column elementor-col-100 elementor-top-column elementor-element elementor-element-b667d79\" data-id=\"b667d79\" data-element_type=\"column\" data-e-type=\"column\">\n\t\t\t<div class=\"elementor-widget-wrap elementor-element-populated\">\n\t\t\t\t\t\t<div class=\"elementor-element elementor-element-69c4357 elementor-widget elementor-widget-shortcode\" data-id=\"69c4357\" data-element_type=\"widget\" data-e-type=\"widget\" data-widget_type=\"shortcode.default\">\n\t\t\t\t<div class=\"elementor-widget-container\">\n\t\t\t\t\t\t\t<div class=\"elementor-shortcode\"><\/div>\n\t\t\t\t\t\t<\/div>\n\t\t\t\t<\/div>\n\t\t\t\t\t<\/div>\n\t\t<\/div>\n\t\t\t\t\t<\/div>\n\t\t<\/section>\n\t\t\t\t<\/div>\n\t\t","protected":false},"excerpt":{"rendered":"<p>\u00a0 Sites de Interesse \u00a0 Conselho Regional de Odontologia do RS Conselho Federal de Odontologia Federa\u00e7\u00e3o Nacional dos Odontologistas Federa\u00e7\u00e3o Interestadual dos Odontologistas Confedera\u00e7\u00e3o Nacional das Profiss\u00f5es Liberais Secretaria da Receita federal Minist\u00e9rio da Fazenda ANVISA Conselho Nacional de Sa\u00fade Funda\u00e7\u00e3o Nacional de Sa\u00fade ANS Minist\u00e9rio da Sa\u00fade Minist\u00e9rio da Previdencia Social UNIODONTO- RS (Federa\u00e7\u00e3o) [&hellip;]<\/p>\n","protected":false},"author":1,"featured_media":0,"parent":0,"menu_order":0,"comment_status":"closed","ping_status":"closed","template":"elementor_canvas","meta":{"_exactmetrics_skip_tracking":false,"_exactmetrics_sitenote_active":false,"_exactmetrics_sitenote_note":"","_exactmetrics_sitenote_category":0,"footnotes":""},"class_list":["post-106","page","type-page","status-publish","hentry"],"yoast_head":"<!-- This site is optimized with the Yoast SEO plugin v27.3 - https:\/\/yoast.com\/product\/yoast-seo-wordpress\/ -->\n<title>SITES - SINDI ODONTO SERRA<\/title>\n<meta name=\"robots\" content=\"index, follow, max-snippet:-1, max-image-preview:large, max-video-preview:-1\" \/>\n<link rel=\"canonical\" href=\"https:\/\/sindiodontoserra.com.br\/site\/sites-de-interesse\/\" \/>\n<meta property=\"og:locale\" content=\"pt_BR\" \/>\n<meta property=\"og:type\" content=\"article\" \/>\n<meta property=\"og:title\" content=\"SITES - SINDI ODONTO SERRA\" \/>\n<meta property=\"og:description\" content=\"\u00a0 Sites de Interesse \u00a0 Conselho Regional de Odontologia do RS Conselho Federal de Odontologia Federa\u00e7\u00e3o Nacional dos Odontologistas Federa\u00e7\u00e3o Interestadual dos Odontologistas Confedera\u00e7\u00e3o Nacional das Profiss\u00f5es Liberais Secretaria da Receita federal Minist\u00e9rio da Fazenda ANVISA Conselho Nacional de Sa\u00fade Funda\u00e7\u00e3o Nacional de Sa\u00fade ANS Minist\u00e9rio da Sa\u00fade Minist\u00e9rio da Previdencia Social UNIODONTO- RS (Federa\u00e7\u00e3o) [&hellip;]\" \/>\n<meta property=\"og:url\" content=\"https:\/\/sindiodontoserra.com.br\/site\/sites-de-interesse\/\" \/>\n<meta property=\"og:site_name\" content=\"SINDI ODONTO SERRA\" \/>\n<meta property=\"article:modified_time\" content=\"2020-08-14T14:31:27+00:00\" \/>\n<meta name=\"twitter:card\" content=\"summary_large_image\" \/>\n<script type=\"application\/ld+json\" class=\"yoast-schema-graph\">{\"@context\":\"https:\\\/\\\/schema.org\",\"@graph\":[{\"@type\":\"WebPage\",\"@id\":\"https:\\\/\\\/sindiodontoserra.com.br\\\/site\\\/sites-de-interesse\\\/\",\"url\":\"https:\\\/\\\/sindiodontoserra.com.br\\\/site\\\/sites-de-interesse\\\/\",\"name\":\"SITES - SINDI ODONTO SERRA\",\"isPartOf\":{\"@id\":\"https:\\\/\\\/sindiodontoserra.com.br\\\/site\\\/#website\"},\"datePublished\":\"2017-02-09T21:10:06+00:00\",\"dateModified\":\"2020-08-14T14:31:27+00:00\",\"breadcrumb\":{\"@id\":\"https:\\\/\\\/sindiodontoserra.com.br\\\/site\\\/sites-de-interesse\\\/#breadcrumb\"},\"inLanguage\":\"pt-BR\",\"potentialAction\":[{\"@type\":\"ReadAction\",\"target\":[\"https:\\\/\\\/sindiodontoserra.com.br\\\/site\\\/sites-de-interesse\\\/\"]}]},{\"@type\":\"BreadcrumbList\",\"@id\":\"https:\\\/\\\/sindiodontoserra.com.br\\\/site\\\/sites-de-interesse\\\/#breadcrumb\",\"itemListElement\":[{\"@type\":\"ListItem\",\"position\":1,\"name\":\"In\u00edcio\",\"item\":\"https:\\\/\\\/sindiodontoserra.com.br\\\/site\\\/\"},{\"@type\":\"ListItem\",\"position\":2,\"name\":\"SITES\"}]},{\"@type\":\"WebSite\",\"@id\":\"https:\\\/\\\/sindiodontoserra.com.br\\\/site\\\/#website\",\"url\":\"https:\\\/\\\/sindiodontoserra.com.br\\\/site\\\/\",\"name\":\"SINDI ODONTO SERRA - Sindicato dos Odontologistas de Caxias do Sul\",\"description\":\"Sindicato dos Odontologistas de Caxias do Sul\",\"publisher\":{\"@id\":\"https:\\\/\\\/sindiodontoserra.com.br\\\/site\\\/#organization\"},\"potentialAction\":[{\"@type\":\"SearchAction\",\"target\":{\"@type\":\"EntryPoint\",\"urlTemplate\":\"https:\\\/\\\/sindiodontoserra.com.br\\\/site\\\/?s={search_term_string}\"},\"query-input\":{\"@type\":\"PropertyValueSpecification\",\"valueRequired\":true,\"valueName\":\"search_term_string\"}}],\"inLanguage\":\"pt-BR\"},{\"@type\":\"Organization\",\"@id\":\"https:\\\/\\\/sindiodontoserra.com.br\\\/site\\\/#organization\",\"name\":\"SINDI ODONTO SERRA - Sindicato dos Odontologistas de Caxias do Sul\",\"url\":\"https:\\\/\\\/sindiodontoserra.com.br\\\/site\\\/\",\"logo\":{\"@type\":\"ImageObject\",\"inLanguage\":\"pt-BR\",\"@id\":\"https:\\\/\\\/sindiodontoserra.com.br\\\/site\\\/#\\\/schema\\\/logo\\\/image\\\/\",\"url\":\"https:\\\/\\\/sindiodontoserra.com.br\\\/site\\\/wp-content\\\/uploads\\\/2017\\\/03\\\/Logo-SindiOdonto-topo.jpg\",\"contentUrl\":\"https:\\\/\\\/sindiodontoserra.com.br\\\/site\\\/wp-content\\\/uploads\\\/2017\\\/03\\\/Logo-SindiOdonto-topo.jpg\",\"width\":2179,\"height\":836,\"caption\":\"SINDI ODONTO SERRA - Sindicato dos Odontologistas de Caxias do Sul\"},\"image\":{\"@id\":\"https:\\\/\\\/sindiodontoserra.com.br\\\/site\\\/#\\\/schema\\\/logo\\\/image\\\/\"}}]}<\/script>\n<!-- \/ Yoast SEO plugin. -->","yoast_head_json":{"title":"SITES - SINDI ODONTO SERRA","robots":{"index":"index","follow":"follow","max-snippet":"max-snippet:-1","max-image-preview":"max-image-preview:large","max-video-preview":"max-video-preview:-1"},"canonical":"https:\/\/sindiodontoserra.com.br\/site\/sites-de-interesse\/","og_locale":"pt_BR","og_type":"article","og_title":"SITES - SINDI ODONTO SERRA","og_description":"\u00a0 Sites de Interesse \u00a0 Conselho Regional de Odontologia do RS Conselho Federal de Odontologia Federa\u00e7\u00e3o Nacional dos Odontologistas Federa\u00e7\u00e3o Interestadual dos Odontologistas Confedera\u00e7\u00e3o Nacional das Profiss\u00f5es Liberais Secretaria da Receita federal Minist\u00e9rio da Fazenda ANVISA Conselho Nacional de Sa\u00fade Funda\u00e7\u00e3o Nacional de Sa\u00fade ANS Minist\u00e9rio da Sa\u00fade Minist\u00e9rio da Previdencia Social UNIODONTO- RS (Federa\u00e7\u00e3o) [&hellip;]","og_url":"https:\/\/sindiodontoserra.com.br\/site\/sites-de-interesse\/","og_site_name":"SINDI ODONTO SERRA","article_modified_time":"2020-08-14T14:31:27+00:00","twitter_card":"summary_large_image","schema":{"@context":"https:\/\/schema.org","@graph":[{"@type":"WebPage","@id":"https:\/\/sindiodontoserra.com.br\/site\/sites-de-interesse\/","url":"https:\/\/sindiodontoserra.com.br\/site\/sites-de-interesse\/","name":"SITES - SINDI ODONTO SERRA","isPartOf":{"@id":"https:\/\/sindiodontoserra.com.br\/site\/#website"},"datePublished":"2017-02-09T21:10:06+00:00","dateModified":"2020-08-14T14:31:27+00:00","breadcrumb":{"@id":"https:\/\/sindiodontoserra.com.br\/site\/sites-de-interesse\/#breadcrumb"},"inLanguage":"pt-BR","potentialAction":[{"@type":"ReadAction","target":["https:\/\/sindiodontoserra.com.br\/site\/sites-de-interesse\/"]}]},{"@type":"BreadcrumbList","@id":"https:\/\/sindiodontoserra.com.br\/site\/sites-de-interesse\/#breadcrumb","itemListElement":[{"@type":"ListItem","position":1,"name":"In\u00edcio","item":"https:\/\/sindiodontoserra.com.br\/site\/"},{"@type":"ListItem","position":2,"name":"SITES"}]},{"@type":"WebSite","@id":"https:\/\/sindiodontoserra.com.br\/site\/#website","url":"https:\/\/sindiodontoserra.com.br\/site\/","name":"SINDI ODONTO SERRA - Sindicato dos Odontologistas de Caxias do Sul","description":"Sindicato dos Odontologistas de Caxias do Sul","publisher":{"@id":"https:\/\/sindiodontoserra.com.br\/site\/#organization"},"potentialAction":[{"@type":"SearchAction","target":{"@type":"EntryPoint","urlTemplate":"https:\/\/sindiodontoserra.com.br\/site\/?s={search_term_string}"},"query-input":{"@type":"PropertyValueSpecification","valueRequired":true,"valueName":"search_term_string"}}],"inLanguage":"pt-BR"},{"@type":"Organization","@id":"https:\/\/sindiodontoserra.com.br\/site\/#organization","name":"SINDI ODONTO SERRA - Sindicato dos Odontologistas de Caxias do Sul","url":"https:\/\/sindiodontoserra.com.br\/site\/","logo":{"@type":"ImageObject","inLanguage":"pt-BR","@id":"https:\/\/sindiodontoserra.com.br\/site\/#\/schema\/logo\/image\/","url":"https:\/\/sindiodontoserra.com.br\/site\/wp-content\/uploads\/2017\/03\/Logo-SindiOdonto-topo.jpg","contentUrl":"https:\/\/sindiodontoserra.com.br\/site\/wp-content\/uploads\/2017\/03\/Logo-SindiOdonto-topo.jpg","width":2179,"height":836,"caption":"SINDI ODONTO SERRA - Sindicato dos Odontologistas de Caxias do Sul"},"image":{"@id":"https:\/\/sindiodontoserra.com.br\/site\/#\/schema\/logo\/image\/"}}]}},"_links":{"self":[{"href":"https:\/\/sindiodontoserra.com.br\/site\/wp-json\/wp\/v2\/pages\/106","targetHints":{"allow":["GET"]}}],"collection":[{"href":"https:\/\/sindiodontoserra.com.br\/site\/wp-json\/wp\/v2\/pages"}],"about":[{"href":"https:\/\/sindiodontoserra.com.br\/site\/wp-json\/wp\/v2\/types\/page"}],"author":[{"embeddable":true,"href":"https:\/\/sindiodontoserra.com.br\/site\/wp-json\/wp\/v2\/users\/1"}],"replies":[{"embeddable":true,"href":"https:\/\/sindiodontoserra.com.br\/site\/wp-json\/wp\/v2\/comments?post=106"}],"version-history":[{"count":8,"href":"https:\/\/sindiodontoserra.com.br\/site\/wp-json\/wp\/v2\/pages\/106\/revisions"}],"predecessor-version":[{"id":971,"href":"https:\/\/sindiodontoserra.com.br\/site\/wp-json\/wp\/v2\/pages\/106\/revisions\/971"}],"wp:attachment":[{"href":"https:\/\/sindiodontoserra.com.br\/site\/wp-json\/wp\/v2\/media?parent=106"}],"curies":[{"name":"wp","href":"https:\/\/api.w.org\/{rel}","templated":true}]}}