{"id":43,"date":"2017-02-09T19:34:37","date_gmt":"2017-02-09T19:34:37","guid":{"rendered":"http:\/\/sindiodontoserra.com.br\/site\/?page_id=43"},"modified":"2022-11-04T14:14:51","modified_gmt":"2022-11-04T14:14:51","slug":"base-territorial","status":"publish","type":"page","link":"https:\/\/sindiodontoserra.com.br\/site\/base-territorial\/","title":{"rendered":"BASE TERRITORIAL"},"content":{"rendered":"\t\t<div data-elementor-type=\"wp-page\" data-elementor-id=\"43\" class=\"elementor elementor-43\">\n\t\t\t\t\t\t<section class=\"elementor-section elementor-top-section elementor-element elementor-element-557d1ed elementor-section-boxed elementor-section-height-default elementor-section-height-default\" data-id=\"557d1ed\" data-element_type=\"section\" data-e-type=\"section\">\n\t\t\t\t\t\t<div class=\"elementor-container elementor-column-gap-default\">\n\t\t\t\t\t<div class=\"elementor-column elementor-col-100 elementor-top-column elementor-element elementor-element-21ab7c9f\" data-id=\"21ab7c9f\" data-element_type=\"column\" data-e-type=\"column\">\n\t\t\t<div class=\"elementor-widget-wrap elementor-element-populated\">\n\t\t\t\t\t\t<div class=\"elementor-element elementor-element-11f128c5 elementor-widget elementor-widget-text-editor\" data-id=\"11f128c5\" data-element_type=\"widget\" data-e-type=\"widget\" data-widget_type=\"text-editor.default\">\n\t\t\t\t<div class=\"elementor-widget-container\">\n\t\t\t\t\t\t\t\t\t<div id=\"pl-43\" class=\"panel-layout\"><div id=\"pg-43-0\" class=\"panel-grid panel-no-style\"><div id=\"pgc-43-0-0\" class=\"panel-grid-cell\" data-weight=\"1\"><div id=\"panel-43-0-0-0\" class=\"so-panel widget widget_black-studio-tinymce widget_black_studio_tinymce panel-first-child panel-last-child\" data-index=\"0\" data-style=\"{\"><div class=\"textwidget\"><p>\u00a0<\/p><h2><strong>\u2022 Base Territorial do Sindicato dos Odontologistas de Caxias do Sul:<\/strong><\/h2><p>\u00a0<\/p><p>Ant\u00f4nio Prado, Bento Gon\u00e7alves, Boa Vista do Sul, Canela, Carlos Barbosa, Caxias do Sul, Coronel Pilar, Cotipor\u00e3, Fagundes Varela, Farroupilha, Flores da Cunha, Garibaldi, Gramado, Guabij\u00fa, Ip\u00ea, Monte Belo do Sul, Nova Ara\u00e7\u00e1, Nova Bassano, Nova P\u00e1dua, Nova Petr\u00f3polis, Nova Prata, Nova Roma do Sul, Picada Caf\u00e9, Prot\u00e1sio Alves, Santa Tereza, S\u00e3o Jorge, S\u00e3o Marcos, S\u00e3o Pedro da Serra, Veran\u00f3polis, Vila Flores, Vista Alegre do Prata.<\/p><p>\u00a0<\/p><div id=\"websigner_certisign_com_br\" class=\"websigner_certisign_com_br\" style=\"display: none;\">\u00a0<\/div><\/div><\/div><\/div><\/div><div id=\"pg-43-1\" class=\"panel-grid panel-has-style\" data-style=\"{\"><div class=\"siteorigin-panels-stretch panel-row-style panel-row-style-for-43-1\" data-stretch-type=\"full-stretched\"><div id=\"pgc-43-1-0\" class=\"panel-grid-cell\" data-weight=\"1\"><div id=\"panel-43-1-0-0\" class=\"so-panel widget widget_black-studio-tinymce widget_black_studio_tinymce panel-first-child panel-last-child\" data-index=\"1\" data-style=\"{\"><div class=\"textwidget\"><iframe style=\"border: 0;\" src=\"https:\/\/www.google.com\/maps\/embed?pb=!1m14!1m12!1m3!1d729793.2921457503!2d-51.46862090595331!3d-29.00287126087567!2m3!1f0!2f0!3f0!3m2!1i1024!2i768!4f13.1!5e0!3m2!1spt-BR!2sbr!4v1492713247588\" width=\"100%\" height=\"450\" frameborder=\"0\" allowfullscreen=\"allowfullscreen\"><\/iframe><\/div><\/div><\/div><\/div><\/div><\/div>\t\t\t\t\t\t\t\t<\/div>\n\t\t\t\t<\/div>\n\t\t\t\t\t<\/div>\n\t\t<\/div>\n\t\t\t\t\t<\/div>\n\t\t<\/section>\n\t\t\t\t<\/div>\n\t\t","protected":false},"excerpt":{"rendered":"<p>\u00a0 \u2022 Base Territorial do Sindicato dos Odontologistas de Caxias do Sul: \u00a0 Ant\u00f4nio Prado, Bento Gon\u00e7alves, Boa Vista do Sul, Canela, Carlos Barbosa, Caxias do Sul, Coronel Pilar, Cotipor\u00e3, Fagundes Varela, Farroupilha, Flores da Cunha, Garibaldi, Gramado, Guabij\u00fa, Ip\u00ea, Monte Belo do Sul, Nova Ara\u00e7\u00e1, Nova Bassano, Nova P\u00e1dua, Nova Petr\u00f3polis, Nova Prata, Nova [&hellip;]<\/p>\n","protected":false},"author":1,"featured_media":0,"parent":0,"menu_order":0,"comment_status":"closed","ping_status":"closed","template":"elementor_header_footer","meta":{"_exactmetrics_skip_tracking":false,"_exactmetrics_sitenote_active":false,"_exactmetrics_sitenote_note":"","_exactmetrics_sitenote_category":0,"footnotes":""},"class_list":["post-43","page","type-page","status-publish","hentry"],"yoast_head":"<!-- This site is optimized with the Yoast SEO plugin v27.3 - https:\/\/yoast.com\/product\/yoast-seo-wordpress\/ -->\n<title>BASE TERRITORIAL - SINDI ODONTO SERRA<\/title>\n<meta name=\"robots\" content=\"index, follow, max-snippet:-1, max-image-preview:large, max-video-preview:-1\" \/>\n<link rel=\"canonical\" href=\"https:\/\/sindiodontoserra.com.br\/site\/base-territorial\/\" \/>\n<meta property=\"og:locale\" content=\"pt_BR\" \/>\n<meta property=\"og:type\" content=\"article\" \/>\n<meta property=\"og:title\" content=\"BASE TERRITORIAL - SINDI ODONTO SERRA\" \/>\n<meta property=\"og:description\" content=\"\u00a0 \u2022 Base Territorial do Sindicato dos Odontologistas de Caxias do Sul: \u00a0 Ant\u00f4nio Prado, Bento Gon\u00e7alves, Boa Vista do Sul, Canela, Carlos Barbosa, Caxias do Sul, Coronel Pilar, Cotipor\u00e3, Fagundes Varela, Farroupilha, Flores da Cunha, Garibaldi, Gramado, Guabij\u00fa, Ip\u00ea, Monte Belo do Sul, Nova Ara\u00e7\u00e1, Nova Bassano, Nova P\u00e1dua, Nova Petr\u00f3polis, Nova Prata, Nova [&hellip;]\" \/>\n<meta property=\"og:url\" content=\"https:\/\/sindiodontoserra.com.br\/site\/base-territorial\/\" \/>\n<meta property=\"og:site_name\" content=\"SINDI ODONTO SERRA\" \/>\n<meta property=\"article:modified_time\" content=\"2022-11-04T14:14:51+00:00\" \/>\n<meta name=\"twitter:card\" content=\"summary_large_image\" \/>\n<meta name=\"twitter:label1\" content=\"Est. tempo de leitura\" \/>\n\t<meta name=\"twitter:data1\" content=\"1 minuto\" \/>\n<script type=\"application\/ld+json\" class=\"yoast-schema-graph\">{\"@context\":\"https:\\\/\\\/schema.org\",\"@graph\":[{\"@type\":\"WebPage\",\"@id\":\"https:\\\/\\\/sindiodontoserra.com.br\\\/site\\\/base-territorial\\\/\",\"url\":\"https:\\\/\\\/sindiodontoserra.com.br\\\/site\\\/base-territorial\\\/\",\"name\":\"BASE TERRITORIAL - SINDI ODONTO SERRA\",\"isPartOf\":{\"@id\":\"https:\\\/\\\/sindiodontoserra.com.br\\\/site\\\/#website\"},\"datePublished\":\"2017-02-09T19:34:37+00:00\",\"dateModified\":\"2022-11-04T14:14:51+00:00\",\"breadcrumb\":{\"@id\":\"https:\\\/\\\/sindiodontoserra.com.br\\\/site\\\/base-territorial\\\/#breadcrumb\"},\"inLanguage\":\"pt-BR\",\"potentialAction\":[{\"@type\":\"ReadAction\",\"target\":[\"https:\\\/\\\/sindiodontoserra.com.br\\\/site\\\/base-territorial\\\/\"]}]},{\"@type\":\"BreadcrumbList\",\"@id\":\"https:\\\/\\\/sindiodontoserra.com.br\\\/site\\\/base-territorial\\\/#breadcrumb\",\"itemListElement\":[{\"@type\":\"ListItem\",\"position\":1,\"name\":\"In\u00edcio\",\"item\":\"https:\\\/\\\/sindiodontoserra.com.br\\\/site\\\/\"},{\"@type\":\"ListItem\",\"position\":2,\"name\":\"BASE TERRITORIAL\"}]},{\"@type\":\"WebSite\",\"@id\":\"https:\\\/\\\/sindiodontoserra.com.br\\\/site\\\/#website\",\"url\":\"https:\\\/\\\/sindiodontoserra.com.br\\\/site\\\/\",\"name\":\"SINDI ODONTO SERRA - Sindicato dos Odontologistas de Caxias do Sul\",\"description\":\"Sindicato dos Odontologistas de Caxias do Sul\",\"publisher\":{\"@id\":\"https:\\\/\\\/sindiodontoserra.com.br\\\/site\\\/#organization\"},\"potentialAction\":[{\"@type\":\"SearchAction\",\"target\":{\"@type\":\"EntryPoint\",\"urlTemplate\":\"https:\\\/\\\/sindiodontoserra.com.br\\\/site\\\/?s={search_term_string}\"},\"query-input\":{\"@type\":\"PropertyValueSpecification\",\"valueRequired\":true,\"valueName\":\"search_term_string\"}}],\"inLanguage\":\"pt-BR\"},{\"@type\":\"Organization\",\"@id\":\"https:\\\/\\\/sindiodontoserra.com.br\\\/site\\\/#organization\",\"name\":\"SINDI ODONTO SERRA - Sindicato dos Odontologistas de Caxias do Sul\",\"url\":\"https:\\\/\\\/sindiodontoserra.com.br\\\/site\\\/\",\"logo\":{\"@type\":\"ImageObject\",\"inLanguage\":\"pt-BR\",\"@id\":\"https:\\\/\\\/sindiodontoserra.com.br\\\/site\\\/#\\\/schema\\\/logo\\\/image\\\/\",\"url\":\"https:\\\/\\\/sindiodontoserra.com.br\\\/site\\\/wp-content\\\/uploads\\\/2017\\\/03\\\/Logo-SindiOdonto-topo.jpg\",\"contentUrl\":\"https:\\\/\\\/sindiodontoserra.com.br\\\/site\\\/wp-content\\\/uploads\\\/2017\\\/03\\\/Logo-SindiOdonto-topo.jpg\",\"width\":2179,\"height\":836,\"caption\":\"SINDI ODONTO SERRA - Sindicato dos Odontologistas de Caxias do Sul\"},\"image\":{\"@id\":\"https:\\\/\\\/sindiodontoserra.com.br\\\/site\\\/#\\\/schema\\\/logo\\\/image\\\/\"}}]}<\/script>\n<!-- \/ Yoast SEO plugin. -->","yoast_head_json":{"title":"BASE TERRITORIAL - SINDI ODONTO SERRA","robots":{"index":"index","follow":"follow","max-snippet":"max-snippet:-1","max-image-preview":"max-image-preview:large","max-video-preview":"max-video-preview:-1"},"canonical":"https:\/\/sindiodontoserra.com.br\/site\/base-territorial\/","og_locale":"pt_BR","og_type":"article","og_title":"BASE TERRITORIAL - SINDI ODONTO SERRA","og_description":"\u00a0 \u2022 Base Territorial do Sindicato dos Odontologistas de Caxias do Sul: \u00a0 Ant\u00f4nio Prado, Bento Gon\u00e7alves, Boa Vista do Sul, Canela, Carlos Barbosa, Caxias do Sul, Coronel Pilar, Cotipor\u00e3, Fagundes Varela, Farroupilha, Flores da Cunha, Garibaldi, Gramado, Guabij\u00fa, Ip\u00ea, Monte Belo do Sul, Nova Ara\u00e7\u00e1, Nova Bassano, Nova P\u00e1dua, Nova Petr\u00f3polis, Nova Prata, Nova [&hellip;]","og_url":"https:\/\/sindiodontoserra.com.br\/site\/base-territorial\/","og_site_name":"SINDI ODONTO SERRA","article_modified_time":"2022-11-04T14:14:51+00:00","twitter_card":"summary_large_image","twitter_misc":{"Est. tempo de leitura":"1 minuto"},"schema":{"@context":"https:\/\/schema.org","@graph":[{"@type":"WebPage","@id":"https:\/\/sindiodontoserra.com.br\/site\/base-territorial\/","url":"https:\/\/sindiodontoserra.com.br\/site\/base-territorial\/","name":"BASE TERRITORIAL - SINDI ODONTO SERRA","isPartOf":{"@id":"https:\/\/sindiodontoserra.com.br\/site\/#website"},"datePublished":"2017-02-09T19:34:37+00:00","dateModified":"2022-11-04T14:14:51+00:00","breadcrumb":{"@id":"https:\/\/sindiodontoserra.com.br\/site\/base-territorial\/#breadcrumb"},"inLanguage":"pt-BR","potentialAction":[{"@type":"ReadAction","target":["https:\/\/sindiodontoserra.com.br\/site\/base-territorial\/"]}]},{"@type":"BreadcrumbList","@id":"https:\/\/sindiodontoserra.com.br\/site\/base-territorial\/#breadcrumb","itemListElement":[{"@type":"ListItem","position":1,"name":"In\u00edcio","item":"https:\/\/sindiodontoserra.com.br\/site\/"},{"@type":"ListItem","position":2,"name":"BASE TERRITORIAL"}]},{"@type":"WebSite","@id":"https:\/\/sindiodontoserra.com.br\/site\/#website","url":"https:\/\/sindiodontoserra.com.br\/site\/","name":"SINDI ODONTO SERRA - Sindicato dos Odontologistas de Caxias do Sul","description":"Sindicato dos Odontologistas de Caxias do Sul","publisher":{"@id":"https:\/\/sindiodontoserra.com.br\/site\/#organization"},"potentialAction":[{"@type":"SearchAction","target":{"@type":"EntryPoint","urlTemplate":"https:\/\/sindiodontoserra.com.br\/site\/?s={search_term_string}"},"query-input":{"@type":"PropertyValueSpecification","valueRequired":true,"valueName":"search_term_string"}}],"inLanguage":"pt-BR"},{"@type":"Organization","@id":"https:\/\/sindiodontoserra.com.br\/site\/#organization","name":"SINDI ODONTO SERRA - Sindicato dos Odontologistas de Caxias do Sul","url":"https:\/\/sindiodontoserra.com.br\/site\/","logo":{"@type":"ImageObject","inLanguage":"pt-BR","@id":"https:\/\/sindiodontoserra.com.br\/site\/#\/schema\/logo\/image\/","url":"https:\/\/sindiodontoserra.com.br\/site\/wp-content\/uploads\/2017\/03\/Logo-SindiOdonto-topo.jpg","contentUrl":"https:\/\/sindiodontoserra.com.br\/site\/wp-content\/uploads\/2017\/03\/Logo-SindiOdonto-topo.jpg","width":2179,"height":836,"caption":"SINDI ODONTO SERRA - Sindicato dos Odontologistas de Caxias do Sul"},"image":{"@id":"https:\/\/sindiodontoserra.com.br\/site\/#\/schema\/logo\/image\/"}}]}},"_links":{"self":[{"href":"https:\/\/sindiodontoserra.com.br\/site\/wp-json\/wp\/v2\/pages\/43","targetHints":{"allow":["GET"]}}],"collection":[{"href":"https:\/\/sindiodontoserra.com.br\/site\/wp-json\/wp\/v2\/pages"}],"about":[{"href":"https:\/\/sindiodontoserra.com.br\/site\/wp-json\/wp\/v2\/types\/page"}],"author":[{"embeddable":true,"href":"https:\/\/sindiodontoserra.com.br\/site\/wp-json\/wp\/v2\/users\/1"}],"replies":[{"embeddable":true,"href":"https:\/\/sindiodontoserra.com.br\/site\/wp-json\/wp\/v2\/comments?post=43"}],"version-history":[{"count":27,"href":"https:\/\/sindiodontoserra.com.br\/site\/wp-json\/wp\/v2\/pages\/43\/revisions"}],"predecessor-version":[{"id":1160,"href":"https:\/\/sindiodontoserra.com.br\/site\/wp-json\/wp\/v2\/pages\/43\/revisions\/1160"}],"wp:attachment":[{"href":"https:\/\/sindiodontoserra.com.br\/site\/wp-json\/wp\/v2\/media?parent=43"}],"curies":[{"name":"wp","href":"https:\/\/api.w.org\/{rel}","templated":true}]}}